pose -3*b + l = 5*m, 12 = 3*m + b - 2652. Is m composite?
False
Let g = 256862 - 86821. Is g a prime number?
False
Let f be 1 + (-182)/(-8) + 4/16. Suppose -f*q + 223254 = -6*q. Is q composite?
True
Let i = 1723 - 177. Let u = i + 2537. Is u a prime number?
False
Is 3*(-1560591)/(-9) - (39 + -7)/8 prime?
True
Let q(z) = -1209*z + 83. Let x be q(-4). Suppose p - 272 = x. Is p composite?
True
Let q(f) = 2*f**3 + 6*f**2 + 8*f - 25. Let t = -199 - -206. Is q(t) composite?
True
Is (-1)/4 - 2*445839/(-24) a composite number?
True
Let q(z) = z**3 + 11*z**2 + 14*z - 21. Suppose 3*t + 2*y - 13 = 0, 2*y + y = -3*t + 15. Let i(f) = f**3 - 4*f**2 + 9*f - 6. Let a be i(t). Is q(a) prime?
False
Let o = -726744 - -1520333. Is o a prime number?
False
Let h(m) = 17*m**2 - m. Let l be h(1). Let u = 19 - l. Suppose -5*o = -u*o - 514. Is o prime?
True
Suppose 4*q = -5*b + 125660, 13*b = 8*b - 2*q + 125670. Is ((-6)/(-4))/(24/b) a composite number?
False
Is 3721980/533 + 56/(-52) + 1 a prime number?
True
Let z(d) = 3407*d - 76. Let y(j) = -3405*j + 76. Let u(l) = 6*y(l) + 5*z(l). Is u(-6) a prime number?
False
Let s(g) = -2*g**3 - 21*g**2 + 11*g + 14. Let o = 91 - 114. Let y(u) = -3*u - 84. Let k be y(o). Is s(k) composite?
True
Let g(o) = -o + 20. Let l be g(6). Let w(c) be the second derivative of 5*c**3 + 11*c**2/2 - 6*c. Is w(l) a composite number?
False
Let b(n) = 5*n**2 - 10*n - 41. Let w be b(-6). Let p = 415 + w. Is p composite?
True
Let x(s) = 2*s**2 + 3*s - 4. Let z be x(-4). Suppose -14 = -10*l + z. Is l/(3199/(-1601) + 2) prime?
True
Let q = 154 - -8062. Suppose 16*g + q = 24*g. Is g a composite number?
True
Let j be 95/4 - 32/(-128). Suppose 0 = -21*c + j*c - 21837. Is c composite?
True
Suppose 147 + 51 = 6*m. Suppose 2*c = -5 + m. Let k(o) = 11*o**2 - 14*o + 13. Is k(c) composite?
False
Let q(x) be the first derivative of 2*x**3 + 9*x**2/2 - 203*x + 124. Is q(34) a composite number?
False
Let x(h) = -7*h**3 - 3*h**2 + 2*h - 5. Let r be x(-4). Suppose 0 = -5*y - r + 15482. Is y prime?
True
Let b(v) = 7864*v + 22. Let d be b(-6). Let c = d - -69027. Is c composite?
True
Let h(r) be the third derivative of -r**6/120 + 7*r**5/60 - 11*r**4/24 + 7*r**3/6 + r**2. Suppose 5*m - 17 = -2*c, -18 = -2*m - 14*c + 16*c. Is h(m) composite?
False
Is ((-190)/(-114))/(40/10615992) prime?
True
Let t(x) = -x**3 + 17*x**2 - 26*x - 7. Let v be (-1140)/(-26) + (-12)/(-78). Let y = 56 - v. Is t(y) composite?
False
Let g(v) be the first derivative of -2*v**2 - 2*v - 8. Let r be g(-1). Suppose 16*b - 994 = r*b. Is b a prime number?
True
Let r(l) = 8*l**2 - 3*l + 1. Let h be r(-3). Let a(q) = q**2 - 18*q + 8. Let g be a(0). Suppose -g*y + h = -886. Is y composite?
True
Suppose -8*d = -5*d - 12000. Suppose -4*j - 1028 = -d. Is j a composite number?
False
Let i = -2756 + 4003. Suppose -5*n = i - 4612. Is n prime?
True
Suppose 5*y - l = -0 - 48, -4*l - 28 = 2*y. Is 4 + 1 + (7 + y - -12069) composite?
False
Let o(i) = -19*i**3 - 71*i**2 + 8*i + 23. Is o(-13) a composite number?
False
Suppose 3*y + 109312 + 164257 = 5*z, 54733 = z - 3*y. Is z a composite number?
False
Suppose -6*z = -5*d - 2*z + 45, -3*z = 3*d. Let r(k) = -16*k - 29. Let b(m) = -4. Let t(p) = 5*b(p) - r(p). Is t(d) a composite number?
False
Suppose -4*q - 6*q = -40. Let g(h) = -h**3 + 4*h**2 + 3*h - 14. Let p be g(q). Is 8665/(-20)*(p + 4)*-2 a composite number?
False
Let n = 289376 + -152433. Is n prime?
True
Suppose 20 = 2*a + 8, 0 = -10*d - 3*a + 11468. Is d composite?
True
Suppose 2*i - 2 = 4*l, 0 = 5*i - 4*l - 3 - 32. Let b = i + -11. Suppose 3*d - 10*d + 3633 = b. Is d prime?
False
Suppose -f + 472763 = 11*z, 1 = -2*f - 11. Is z prime?
True
Let f be (-12)/(-9)*(-2)/(12/(-9)). Let w be f/2 - (-525 - -4). Let k = w - 68. Is k prime?
False
Let d(c) = 10*c + 12. Let s be d(-8). Let y = 69 + s. Suppose -2*g + 167 = y. Is g prime?
True
Let w(b) = -7*b**3 - 7*b**2 + 16*b - 6. Let n be w(-9). Let d = n - 2207. Is d a prime number?
True
Let m(p) = p**3 + 78*p**2 - 358*p - 1. Is m(-52) a composite number?
False
Let h be 140/(-30) + (-6)/(-9) - -16. Is (-10)/(h/6)*-379 prime?
False
Let c(y) be the third derivative of 599*y**4/12 - 51*y**3/2 - 3*y**2 + 18. Is c(16) prime?
False
Suppose 8*b - 10*b - 2 = -k, -4*k = -8. Suppose -2*s + 3*r + 800 = b, 548 = 2*s - r - 248. Is s a prime number?
True
Let d be (-35)/(-10) - (-2)/(-4). Let o(t) = -59*t**2 - 17*t + 21. Let i(p) = 89*p**2 + 25*p - 32. Let b(a) = 5*i(a) + 7*o(a). Is b(d) a prime number?
True
Let h(m) = -313*m + 336. Let q(a) = 105*a - 112. Let r(k) = 4*h(k) + 11*q(k). Is r(-6) composite?
True
Let t = 128481 + -2224. Is t composite?
False
Let t = 60224 + -33633. Is t a composite number?
False
Let o(s) be the third derivative of -s**6/20 - s**5/5 - 2*s**4/3 - 41*s**3/6 - 2*s**2 + 153*s. Is o(-22) composite?
False
Let i be 11577/(-5) - (-9)/(-15). Let r = -893 - i. Is r a prime number?
True
Let w(c) be the first derivative of 49*c**2/2 - c + 6. Let d be w(6). Let h = 586 - d. Is h prime?
True
Let a(q) = 8*q**3 - 15*q**2 - 19*q + 11. Let x(z) = -7*z**3 + 14*z**2 + 19*z - 10. Let m(i) = -6*a(i) - 7*x(i). Let w be m(10). Is 56/w*(-422)/(-8) prime?
True
Suppose 4 = n - 4. Let a be (-5 - 13)*(-70)/126. Is (n/4)/(a/455) composite?
True
Let g(p) be the second derivative of p**4/3 - p**3/3 + 13*p**2/2 + p. Let a be 4/(-5)*375/30 + -2. Is g(a) a composite number?
False
Let k = -81 - -81. Suppose 131*h - 119*h - 48372 = k. Is h a composite number?
True
Suppose -5*x + x = 208. Let s = 64 + x. Is ((-93)/s)/(6/(-120)) prime?
False
Suppose 5 = -7*h - 37. Let f(g) = -g**3 - 5*g**2 + 2*g - 8. Let n be f(h). Suppose -20*p + 1180 = -n*p. Is p a composite number?
True
Let l = -54 + 40. Let f be (-1)/((-2)/10*(-35)/l). Suppose -3*r - f*v + 4005 = -4*v, 0 = 3*v + 9. Is r prime?
False
Suppose 3*m + 2 = 2*y - 4, -5*y + 15 = m. Suppose -4*t - 4 = 0, y*j = -5*t - 0 + 4. Is 1/(j + (-1436)/479) prime?
True
Suppose 5*u + 8961 = 166791. Is (22/66)/(2/u) a composite number?
False
Let q be -3 + -2 + (2 - -5137). Let w = q - 3147. Is w composite?
False
Let p = 37 + -33. Suppose -3*r = 5*w - 1123, -2*r + 749 = p*w - w. Suppose -12651 = -t + r. Is t composite?
True
Let u(g) = -27 - 2*g**3 - 12380*g + g**3 + 0*g**3 + 12381*g - 13*g**2. Suppose 2*l + 2 + 26 = 0. Is u(l) prime?
False
Let b(w) = w**2 + 6*w + 9. Let a be b(-5). Suppose a*n - 27649 = -3*h, 8*n + 27640 = 3*h + 3*n. Is h/13 + -3 + 164/52 prime?
True
Suppose 17*v - 62*v = -480915. Let t = v - -2202. Is t composite?
False
Let q(z) be the third derivative of z**6/120 + 29*z**5/60 + 13*z**4/12 + 59*z**3/6 - z**2 - 45. Is q(-28) prime?
False
Let m = 10292 - 6139. Is m a prime number?
True
Let o(r) = -4*r**2 - 59*r + 8. Let b be o(25). Is (-35 - -39)*(b/(-4))/1 prime?
True
Let l(y) be the third derivative of 7/60*y**5 + 0 - 29/6*y**3 - 5*y**2 - 1/12*y**4 + 0*y. Is l(12) composite?
True
Suppose -3*s - x = -3 - 6, s + 5*x + 11 = 0. Suppose -2734 - 222 = -s*i. Is i composite?
False
Suppose 0 = 14*l - 3*l - 6314. Let p = l - -835. Is p a composite number?
False
Suppose b + 25*q - 20*q - 1864858 = 0, 4*b - 7459410 = 2*q. Is b a composite number?
False
Let y = 24785 + 28514. Is y composite?
False
Let h be 4 - (45/20 - 2/8). Suppose -l - 4560 = h*l. Let k = 2505 + l. Is k a prime number?
False
Suppose 7*n = 61 + 590. Let x = n + -96. Let t(r) = -729*r - 10. Is t(x) composite?
True
Let s(t) = -t**3 - 19*t**2 + 2*t + 63. Let b be s(-19). Suppose u + 2*u - 15 = 0. Is 2*u/b + 1266/10 prime?
True
Let p = -12741 - -31710. Is p composite?
True
Let a = 7448 - -149561. Is a a prime number?
False
Is 2/(-20)*(-24330319 + 549) a prime number?
True
Let a(x) be the first derivative of -x**4/4 + 2*x**3 + 5*x**2/2 + x - 1. Suppose -85 = -16*r + 11. Is a(r) a composite number?
False
Suppose -16*k = -19*k + 2*l + 61336, -k = l - 20447. Is k a composite number?
True
Suppose -2*q = -3 + 15. Let u(c) = 58*c**2 + 7*c - 5. Is u(q) a composite number?
True
Let w(m) be the second derivative of -1/2*m**2 - 1/2*m**3 + 0 + 18*m + 7/6*m**4. Is w(4) a prime number?
True
Is 9/2*320488/84 - 10 a composite number?
False
Let z(q) = 7*q**3 - 54*q**2 - 12*q + 62. Is z(18) a prime number?
False
Let u(a) be the third derivative of -a**6/120 + 31*a**5/60 + 29*a**4/12 + 5*a**3 + 4*a**2 - 56*